6)/126*-6. What is the units digit of 35/14*t/a?
2
Let c(h) = -8*h + 8. What is the units digit of c(-2)?
4
Let p be (777/12)/(7/84). Suppose p = 30*n - 23*n. What is the tens digit of n?
1
Suppose 33*k - 64014 = -15108. What is the units digit of k?
2
Suppose -s - 7 - 1 = -3*v, s + 3*v - 4 = 0. Let i(k) = k**3 - 3*k**2 + 2*k + 3. Let w be i(3). Let c = w + s. What is the units digit of c?
7
Let d = -14 + 45. Let n = 37 - d. What is the units digit of n?
6
Suppose 9873 = 800*y - 791*y. What is the hundreds digit of y?
0
Let h(v) = -6*v - 17. Let y(i) = -i**2 - 15*i + 16. Let m be y(-17). What is the units digit of h(m)?
1
Suppose 4*x - 23 = 3*m, -19*x + 17*x + 4*m = -14. Let d = -6 - -31. Suppose b = -x*r + 25, -b + d = -2*r + 5*r. What is the tens digit of b?
2
Suppose 2*w = 4*c + 72, 2*c + 100 = -3*c + 5*w. What is the units digit of (-2 - 7)*c/24?
6
Let r(p) = 2*p**2. Let u be r(6). Let a = u + -44. What is the units digit of a?
8
Let f(p) be the second derivative of -p**6/360 + p**5/15 - 5*p**4/24 + p**3/6 + 3*p. Let c(o) be the second derivative of f(o). What is the tens digit of c(4)?
1
Suppose -1704 = -3*w - 0*w. Suppose 0 = -4*b + w - 196. What is the tens digit of b?
9
Suppose 363 = -4*p + 2287. What is the units digit of p?
1
Let k(q) = 2*q + 3. Let p be k(-1). Let z be (p/(-6))/(11/(-66)). Suppose t - 34 = -z. What is the units digit of t?
3
Let w(h) be the third derivative of -h**6/120 - h**5/15 - h**4/12 + 7*h**3/6 - 27*h**2. What is the units digit of w(-5)?
2
Suppose -2*c + c - 3*z - 11 = 0, 0 = c - 5*z - 13. Let i(q) = 11*q**2 + 3*q + 5. What is the tens digit of i(c)?
4
Let m(c) = c**3 + c. Let d(g) = 2*g**3 + g**2 + 3*g + 157. Let u(z) = d(z) - 3*m(z). What is the tens digit of u(0)?
5
Let o = 0 + -2. Let y be 22/66 - (-4)/6. What is the units digit of (y + 63/(-3))/o?
0
Let x = -34 + 36. Suppose 4*g + 2*b = 58, -2*g + 14 = -0*g - x*b. What is the tens digit of g?
1
Let x(n) = n**2 + 6*n - 12. Let o be x(6). Suppose 2*z + o = -0*z. Let s = -20 - z. What is the tens digit of s?
1
What is the units digit of 60329/122*(1 - -1)?
9
Let o(u) be the third derivative of -u**4/8 + 11*u**3/2 + 9*u**2. Let s(v) = v + 7. Let z be s(-7). What is the units digit of o(z)?
3
Let d(v) = 2*v**2 - 4*v + 2. Suppose -6 + 15 = -z + y, 5*z - 2*y + 36 = 0. Let q be z*(-3 + 24/9). What is the units digit of d(q)?
2
Let g(h) = -5*h**3 + h**2 - 2*h. Let l be 12*((0 - -2) + -1). Suppose 3*v - 6 = -l. What is the tens digit of g(v)?
4
Let f(y) = -30*y**2 - y + 1. Let p be f(1). Let n = p - -32. Suppose -n*b + 336 = 4*b. What is the units digit of b?
6
Let x(g) = 272*g - 412. What is the tens digit of x(11)?
8
Let s(z) = -24*z - 88. What is the units digit of s(-33)?
4
Let a(h) = 8 - 2*h + 9*h + h - 5*h. What is the tens digit of a(5)?
2
Let f(t) = 2*t**2 - 6 - t - 3*t**2 + 2 + 8*t. Let h be f(6). Suppose h*d - 3*v - 28 = -4*v, 0 = -d - 5*v + 23. What is the tens digit of d?
1
Suppose -4*f = y - 5*y - 8, 0 = -5*f + 3*y. What is the units digit of 4/(-24)*f*4?
2
What is the tens digit of ((-1)/(-3))/(8/14232)?
9
Let k be 2/(-4) - (-22)/4. Suppose -35*v + 1440 = v. Suppose k*b + 25 = 0, 0 = -4*c - 4*b + v - 4. What is the units digit of c?
4
Let t = -15 - -11. Let g be (-2)/(4/t) - -70. Suppose -q - q + g = 0. What is the units digit of q?
6
Let f = -870 - -1692. What is the tens digit of f?
2
Suppose -5*m + 3*s + 19 = 6*s, 4*s - 12 = 0. Suppose -9*j + 1246 = -m*j. What is the tens digit of j?
7
Let g(k) = k**3 - 6*k**2 - 4*k + 14. Let i(s) = -s**3 + 9*s**2 - 7*s. Let a be i(8). What is the hundreds digit of g(a)?
1
Let h(y) = -y**3 - 14*y**2 + 23*y - 9. Suppose 0 = 5*g + 68 + 12. What is the hundreds digit of h(g)?
1
Let v(r) = -r**2 - 4*r - 4. Let c be v(-5). Let x(j) = -4 + 21*j + 4*j - 30*j. What is the tens digit of x(c)?
4
Let t(z) = z**2 + 2*z. Let w be t(-3). Let i(g) = 3*g**2 + 3*g + 1. Let f(a) = 3*a**2 + 2*a + 1. Let m(x) = w*f(x) - 2*i(x). What is the units digit of m(2)?
3
Suppose 1014 = 2*v - 0*t + 3*t, 2530 = 5*v + 5*t. What is the units digit of v?
4
Suppose -3*h + h = 0. Let g(q) = q**3 + 2*q**2 - q - 21. Let t be g(h). What is the units digit of 26*-2*t/28?
9
Let b(l) = -27*l - 73. What is the hundreds digit of b(-8)?
1
Suppose 2*a - a - c = -2, -c = -2*a. Suppose a*s + 53 = -5*u + 6*u, -4*u - s = -257. What is the units digit of u?
3
Let m(t) be the first derivative of 4*t**3/3 - t + 1. What is the tens digit of m(4)?
6
Suppose -3*i = 15*i - 10134. What is the hundreds digit of i?
5
Let f = 16 + -5. Suppose f*o = 4*o + 294. Let z = o - 16. What is the tens digit of z?
2
Let d = 1935 + -1135. What is the hundreds digit of d?
8
Let u = -471 + 1181. What is the hundreds digit of u?
7
Let f be (1215/20 + 0)/((-3)/(-8)). Let c = f - 101. What is the units digit of c?
1
Suppose 7*r = 2*r - 5. Let w be ((r - -6) + 1)/(-1). Let i = w - -19. What is the tens digit of i?
1
Let f be (-30)/(-25)*(-140)/(-8). Suppose -f*y + 16*y + 1015 = 0. What is the hundreds digit of y?
2
Let j(c) = -c**3 + 30*c**2 - 2*c + 63. What is the units digit of j(11)?
0
Suppose -l = 4*l - 25. Let g(u) = -4*u**3 - u**2 - 5. Let a(w) = -3*w**3 - w**2 - 6. Let n(m) = l*a(m) - 6*g(m). What is the tens digit of n(1)?
1
Suppose 685 = 20*t - 19*t. What is the hundreds digit of t?
6
Suppose 0 = 274*m - 310*m + 92952. What is the thousands digit of m?
2
Let z be 546/(-10) - 33/(-55). Let u = z + 117. What is the units digit of u?
3
Let m be (-1)/3*2*-18. Suppose 0*o = -o + 5*u + 38, 0 = 4*u - m. What is the units digit of o?
3
Let h = 14 + -10. Let v = 29 + h. Suppose 4*z + w = 99, 3*w - v = -z - 0*z. What is the units digit of z?
4
Let y(n) = 29*n - 248. What is the units digit of y(10)?
2
Let x(g) = 7*g**2 - 10*g - 1. What is the units digit of x(7)?
2
Suppose -1051 + 3988 = 3*h. What is the hundreds digit of h?
9
Let f(x) = x**3 + x**2 - 2*x + 2. Let g be f(2). Let w = 15 + g. What is the units digit of w?
5
Suppose 4*s - 358 = -v - 4*v, -v + 5*s + 60 = 0. Let q = v - 37. What is the tens digit of q?
3
Let x(i) = -23*i + 46. What is the tens digit of x(-8)?
3
Let x be 0/(1 - (4 - 2)). Suppose -29 = -6*z + 91. Suppose -o + 5*w - 15 = x, 3*o = 4*w - 2*w + z. What is the tens digit of o?
1
What is the tens digit of (-26024)/(-10) + (-78)/(-130)?
0
Let v(o) = -o**3 - 2*o**2 - o + 6. Let g be v(-3). Let i = g + -2. Suppose 10 = 2*z + u, -2*u - i = -2*z + 6. What is the units digit of z?
7
What is the tens digit of (-13)/(13/6) - (-503 + 3)?
9
Let l(w) = 34*w**2 - 7*w + 4. Let i(g) = 2*g**3 - 18*g**2 + 14*g + 19. Let h be i(8). What is the hundreds digit of l(h)?
2
Let o(l) = l - 5. Let t = 28 + -23. Let p be o(t). Suppose 2*y - 135 = -3*j - y, -4*y - 8 = p. What is the tens digit of j?
4
Let s(n) = -8*n**3 + 1 - 2*n**2 - 9 + 2 + 4 - 3*n. What is the units digit of s(-1)?
7
Let w(n) = -56*n**3 - 11*n**2 - 10 + 111*n**3 - 7*n - 56*n**3 + 2*n**2. What is the tens digit of w(-9)?
5
Suppose -z = -2*n + 4*z + 283, 2*n + 3*z - 243 = 0. What is the tens digit of n?
2
Let l = 30 + 5. Suppose -l = 4*j + 37. Let m = -14 - j. What is the units digit of m?
4
Let p(c) = 9*c**2 - 7*c + 4. Let w be p(7). Let s be 4/(-10) + w/15. Let y = s - 12. What is the tens digit of y?
1
Let n(z) = z + 13. Let x = 32 - 23. Suppose 3*f + x = 5*k, 3*f + 2*f = k - 37. What is the units digit of n(f)?
5
What is the tens digit of (13/117)/((-3)/(-22167))?
2
Suppose 0 = 3*z - 5*n - 6 + 22, 0 = -5*n - 20. Let b be (-4)/z - 38/(-3). Let q = 29 - b. What is the tens digit of q?
1
Suppose -8259 = 64*h - 131779. What is the units digit of h?
0
Suppose -4*k - 5792 = -4*u, -3*u = 4*k - 4442 + 133. What is the units digit of u?
3
Suppose 3*a - 1362 = -4*s + 2165, -a + 1197 = -4*s. What is the hundreds digit of a?
1
Suppose -4*a + 10 = -2*j, 5*a = -4*j + 23 - 4. What is the units digit of (2/a)/(6/9)?
1
Suppose 5*s + 2*a - 503 = -2*a, 5*s - a = 518. Let h = 197 - s. What is the tens digit of h?
9
Suppose -4*b + 59 = -5*p, -3*b + b + 3*p = -29. Suppose c + 3*c = b. Suppose 2*h + c*k = 3*k + 22, -2*h = 5*k - 30. What is the tens digit of h?
1
Let b = 1863 - -1205. What is the hundreds digit of b?
0
Let y(q) = -7*q + 4. Let u be y(10). Let h = -24 - u. Suppose 0 = -2*a - 0*v - 2*v + h, -5*v = 15. What is the tens digit of a?